ainder when 13048 is divided by 834?
538
What is the remainder when 365592 is divided by 8124?
12
Calculate the remainder when 11793 is divided by 134.
1
What is the remainder when 1257 is divided by 537?
183
Calculate the remainder when 415111 is divided by 34.
5
What is the remainder when 6314 is divided by 301?
294
What is the remainder when 11833 is divided by 37?
30
Calculate the remainder when 7870 is divided by 621.
418
Calculate the remainder when 161212 is divided by 80593.
26
What is the remainder when 431 is divided by 98?
39
What is the remainder when 119191 is divided by 119175?
16
What is the remainder when 19625 is divided by 3262?
53
Calculate the remainder when 1846 is divided by 233.
215
Calculate the remainder when 53327 is divided by 888.
47
Calculate the remainder when 1547 is divided by 210.
77
Calculate the remainder when 11040 is divided by 340.
160
What is the remainder when 6203118 is divided by 266?
264
What is the remainder when 3385 is divided by 780?
265
What is the remainder when 164337 is divided by 45?
42
Calculate the remainder when 85205 is divided by 28397.
14
What is the remainder when 7748 is divided by 228?
224
Calculate the remainder when 31294 is divided by 45.
19
Calculate the remainder when 2107 is divided by 391.
152
What is the remainder when 31165 is divided by 61?
55
Calculate the remainder when 41839 is divided by 377.
369
Calculate the remainder when 608668 is divided by 45.
43
Calculate the remainder when 749 is divided by 438.
311
What is the remainder when 9759 is divided by 817?
772
Calculate the remainder when 1840 is divided by 543.
211
Calculate the remainder when 5829 is divided by 224.
5
What is the remainder when 3689 is divided by 23?
9
What is the remainder when 138070 is divided by 88?
86
Calculate the remainder when 127452 is divided by 56.
52
Calculate the remainder when 7685 is divided by 232.
29
What is the remainder when 177577 is divided by 2306?
15
What is the remainder when 15970 is divided by 213?
208
What is the remainder when 90023 is divided by 372?
371
What is the remainder when 11784 is divided by 122?
72
What is the remainder when 14204 is divided by 70?
64
What is the remainder when 3423 is divided by 1506?
411
What is the remainder when 19118 is divided by 31?
22
What is the remainder when 5805 is divided by 97?
82
What is the remainder when 8169 is divided by 4072?
25
What is the remainder when 1022 is divided by 174?
152
What is the remainder when 1190 is divided by 119?
0
What is the remainder when 26525 is divided by 4414?
41
Calculate the remainder when 534631 is divided by 23.
19
What is the remainder when 73027 is divided by 723?
4
What is the remainder when 1677 is divided by 393?
105
Calculate the remainder when 664319 is divided by 64.
63
What is the remainder when 1135759 is divided by 1397?
1395
What is the remainder when 2095 is divided by 99?
16
Calculate the remainder when 3056 is divided by 664.
400
What is the remainder when 1462 is divided by 312?
214
Calculate the remainder when 28653 is divided by 28578.
75
What is the remainder when 267214 is divided by 4?
2
What is the remainder when 18423 is divided by 969?
12
What is the remainder when 18960 is divided by 8819?
1322
Calculate the remainder when 1518 is divided by 51.
39
What is the remainder when 9099 is divided by 3716?
1667
What is the remainder when 56650 is divided by 14?
6
What is the remainder when 160355 is divided by 74?
71
What is the remainder when 1016 is divided by 463?
90
Calculate the remainder when 97055 is divided by 96962.
93
What is the remainder when 31118 is divided by 389?
387
What is the remainder when 5538 is divided by 7?
1
What is the remainder when 7835 is divided by 390?
35
What is the remainder when 4509 is divided by 358?
213
What is the remainder when 17363 is divided by 1027?
931
Calculate the remainder when 91096 is divided by 22.
16
Calculate the remainder when 9648 is divided by 3190.
78
What is the remainder when 48895 is divided by 16281?
52
What is the remainder when 599 is divided by 443?
156
Calculate the remainder when 5382 is divided by 7.
6
Calculate the remainder when 37129 is divided by 4120.
49
What is the remainder when 703 is divided by 44?
43
What is the remainder when 2199058 is divided by 45?
43
Calculate the remainder when 930 is divided by 218.
58
What is the remainder when 377452 is divided by 154?
152
Calculate the remainder when 8027 is divided by 321.
2
What is the remainder when 15951 is divided by 3187?
16
Calculate the remainder when 404033 is divided by 1443.
1436
What is the remainder when 2438613 is divided by 172?
169
Calculate the remainder when 817139 is divided by 408565.
9
What is the remainder when 4274 is divided by 9?
8
What is the remainder when 844 is divided by 803?
41
What is the remainder when 13080 is divided by 2533?
415
Calculate the remainder when 7972 is divided by 499.
487
What is the remainder when 2743 is divided by 1241?
261
Calculate the remainder when 54855 is divided by 27417.
21
What is the remainder when 16141 is divided by 324?
265
Calculate the remainder when 59347 is divided by 89.
73
What is the remainder when 16135 is divided by 15?
10
What is the remainder when 16985 is divided by 4053?
773
Calculate the remainder when 1084 is divided by 1070.
14
Calculate the remainder when 619875 is divided by 26.
9
What is the remainder when 176276 is divided by 1013?
14
Calculate the remainder when 3095 is divided by 46.
13
What is the remainder when 19632 is divided by 4904?
16
Calculate the remainder when 1547 is divided by 150.
47
Calculate the remainder when 5998 is divided by 602.
580
What is the remainder when 7660 is divided by 655?
455
What is the remainder when 1147 is divided by 181?
61
Calculate the remainder when 12664837 is divided by 142.
141
Calculate the remainder when 2144 is divided by 60.
44
What is the remainder when 2380 is divided by 374?
136
What is the remainder when 7894 is divided by 869?
73
What is the remainder when 55442 is divided by 549?
542
Calculate the remainder when 46723 is divided by 89.
87
Calculate the remainder when 3467 is divided by 3423.
44
Calculate the remainder when 4577 is divided by 91.
27
Calculate the remainder when 1414 is divided by 114.
46
Calculate the remainder when 14201 is divided by 79.
60
Calculate the remainder when 15425 is divided by 5136.
17
Calculate the remainder when 1109 is divided by 321.
146
Calculate the remainder when 237646 is divided by 12.
10
Calculate the remainder when 4438 is divided by 1464.
46
Calculate the remainder when 1447 is divided by 1.
0
Calculate the remainder when 154225 is divided by 13.
6
What is the remainder when 81646 is divided by 25?
21
Calculate the remainder when 4280 is divided by 640.
440
Calculate the remainder when 2983 is divided by 1252.
479
Calculate the remainder when 17014 is divided by 14.
4
Calculate the remainder when 103887 is divided by 47.
17
What is the remainder when 175133 is divided by 25019?
0
Calculate the remainder when 1986065 is divided by 98.
95
What is the remainder when 465348 is divided by 1016?
20
What is the remainder when 284342 is divided by 7?
2
Calculate the remainder when 173810 is divided by 134.
12
What is the remainder when 3617 is divided by 21?
5
What is the remainder when 3832 is divided by 657?
547
What is the remainder when 2570 is divided by 2536?
34
Calculate the remainder when 1208 is divided by 174.
164
What is the remainder when 65099 is divided by 657?
56
Calculate the remainder when 106348 is divided by 1867.
1796
What is the remainder when 33005 is divided by 161?
0
Calculate the remainder when 268451 is divided by 55.
51
Calculate the remainder when 1831 is divided by 163.
38
What is the remainder when 1415 is divided by 1014?
401
What is the remainder when 1928 is divided by 555?
263
Calculate the remainder when 161591 is divided by 32318.
1
Calculate the remainder when 10148 is divided by 41.
21
Calculate the remainder when 11087 is divided by 415.
297
What is the remainder when 4255 is divided by 265?
15
Calculate the remainder when 29403 is divided by 9799.
6
Calculate the remainder when 737097 is divided by 90.
87
Calculate the remainder when 816 is divid